5). Suppose g*s + 45 = 7*s. What is the greatest common divisor of s and 30?
15
Let x(c) = 713*c**2 + 89*c + 21. Let h be x(-2). What is the highest common factor of 140 and h?
35
Let d = -142 - -145. Suppose -5*z + 800 = 5*p, 2*p - 487 + 167 = d*z. What is the greatest common divisor of 30 and p?
10
Let c = -142 - -210. Suppose 16*i - c = -i. Suppose -5*h + 4*f + 80 = 3*f, -2*h - 4*f = -32. Calculate the highest common divisor of i and h.
4
Let p = -26763 - -16729. Let i be p/(-24) - (-32)/(-384). What is the greatest common factor of 22 and i?
22
Let q be (2 - 4/(6/3))/2. Suppose t + 3*p - 231 = q, 3*t - 5*p + 2*p = 729. What is the highest common divisor of t and 5?
5
Let s = 378 - 209. Suppose -s*i + 320 = -165*i. Calculate the greatest common factor of 60 and i.
20
Suppose 4*a + 5*w - 142 = -0*w, 4*a - 5*w - 122 = 0. Let v = 27 - 25. Suppose 5*o - 9 = v*o. Calculate the highest common divisor of o and a.
3
Let k = 47505 - 45464. What is the highest common divisor of k and 91?
13
Let r = -11734 + 11866. What is the greatest common divisor of 11418 and r?
66
Let v(l) = -2*l. Let c be v(-2). Suppose 5*n + 218 = c*x, 2*x + 2*x + 3*n - 234 = 0. Suppose x = 6*t - 33. Calculate the greatest common divisor of t and 150.
15
Suppose -2*i = -0*i - 736. Suppose 0 = -4*q + 5*c + 194, 697 = 5*q + c + 469. What is the greatest common factor of q and i?
46
Let a = -807 - -838. What is the greatest common divisor of 1 and a?
1
Let u = -27018 + 28356. What is the highest common divisor of 6467 and u?
223
Suppose -96 = 134*s - 137*s. Suppose 0 = -q + 23 + 57. Suppose -3*r - 2*r + 128 = -2*d, -4*d = 4*r - q. Calculate the highest common divisor of s and r.
8
Let p(a) = a**2 - 16*a + 32. Let k be p(10). Let x = k - -46. Suppose 5*n + 2*s = n + 42, -x = -2*n - 2*s. Calculate the greatest common divisor of 8 and n.
4
Let i(f) = 2*f**2 + 19*f - 29. Let z be i(-13). Suppose 3*s - 2*y = s + z, 2*s - 60 = 4*y. What is the highest common divisor of 176 and s?
16
Let n(w) = w**3 + 13*w**2 + 11*w - 4. Let c be n(-12). Let q(l) = -l + 7. Let m be q(0). Suppose c + m = z. Calculate the highest common divisor of 75 and z.
15
Let c be ((-42)/24)/(2/(-16)). Suppose -5*h + j + 4478 = 0, -3*j - 2682 = -h - 2*h. Calculate the greatest common factor of h and c.
14
Let d(k) = 7*k**2 - 6*k - 39. Let z be d(-4). What is the highest common factor of z and 2425?
97
Suppose 10*a - 14*a + 1736 = 8*c, -3*a + 1310 = 4*c. What is the greatest common divisor of a and 130?
26
Let j be (-28 + 33)*(-2 - 10/(-6))*-267. What is the greatest common divisor of j and 5?
5
Let o(r) = -4 - 8*r - 3*r - 45 + 94. Let w be o(3). Let x be (-253)/(-7) - (-4)/(-28). Calculate the greatest common divisor of x and w.
12
Suppose 0 = 5*l - 14*p - 90, -3*l + 27 = -15*p + 12*p. Calculate the greatest common factor of l and 388.
4
Let k = -3225 - -6967. Suppose -4*c - c - 2*w + k = 0, -2*c - 4*w + 1500 = 0. Suppose 19*h = 8*h + c. What is the highest common factor of h and 4?
4
Suppose -2*h + 2*p + 40 = 0, 5*h + 181*p - 176*p - 60 = 0. What is the greatest common factor of 70 and h?
2
Suppose -11*b + 1273 = 294. Let c = 98 - b. What is the highest common divisor of 27 and c?
9
Let p(d) = 140*d + 16604. Let i be p(-112). Let j(h) = -h**2 + 9*h + 11. Let y be j(9). Calculate the highest common divisor of y and i.
11
Let t be 18/(-63) - 447/(-21). Suppose 952 + 5327 = t*s. What is the greatest common divisor of 39 and s?
13
Suppose -5*g = w - 693, 0 = -w - 4*g + 548 + 148. What is the highest common divisor of 12 and w?
12
Let r be (-10)/((-160)/12) - 16599/(-44) - 4. What is the greatest common factor of r and 2074?
34
Let m be 78*((-250)/(-15))/25. What is the highest common factor of 11141 and m?
13
Let d(h) = -2*h**3 + 2*h**2 + h - 3. Let u be d(-5). Let t be 0 + (-9)/(-2) + 422/(-844). Calculate the highest common factor of u and t.
4
Let s = 1950 - 1899. Calculate the highest common factor of s and 5457.
51
Suppose 3*t = p - 5, 7*t - 3*t + 8 = 2*p. Suppose -w = -2*c - 91, -4*w - p*c + 0*c = -314. What is the highest common factor of 18 and w?
9
Suppose 3857 = 32*k - 623. Let t = -119 + k. Calculate the highest common divisor of 21 and t.
21
Let a = -138 - -143. Suppose 0 = 3*h - 2*b - 53, 5*h - a*b - 56 = 2*h. Let j = 59 - -26. Calculate the highest common factor of h and j.
17
Let t be (-45225)/(-5) - (-3)/(-2 - -1). Calculate the greatest common factor of 3 and t.
3
Let l(a) = -32*a - 30. Let q be l(-5). Suppose q = -46*b + 47*b. What is the highest common factor of b and 78?
26
Suppose 0 = 2*v + 4*h + 140, h + 132 = -3*v - 58. Let x = v - -67. Suppose -133 + 13 = -x*q. What is the greatest common factor of 16 and q?
8
Let b = 2534 + -1559. What is the greatest common divisor of b and 375?
75
Let z be (104/(-12))/(4/(-558)). Let p = 56342 + -56303. What is the highest common divisor of z and p?
39
Suppose -4*f + 30 = -2*f. Let s be 11/6 + (-13)/(-78). Suppose -7*k + s*k + 75 = 0. What is the greatest common factor of k and f?
15
Let z = -701 + 711. Suppose -4*s + 4 = -0. Let f be (3 - s) + -1 + 34. Calculate the greatest common divisor of f and z.
5
Let c(f) = 3*f**2 - 20*f + 22. Let h(x) = -2*x**2 + 18*x - 23. Let l(d) = -3*c(d) - 4*h(d). Let r be l(-12). Calculate the greatest common factor of 325 and r.
13
Let z be -4 + 71*(-603)/(-9) + 4 + -9. What is the highest common divisor of 12 and z?
4
Let a(q) = 25*q - 149. Let f be a(6). Let l be 421 - (2/(-2)*-3)/f. Calculate the greatest common divisor of 38 and l.
38
Suppose -11855 = -5*p - 8*n, -46*n - 15 = -49*n. Calculate the highest common divisor of 1251 and p.
139
Suppose -445*t + 446*t = 1100. Suppose 28*c - 1084 = t. What is the greatest common divisor of 117 and c?
39
Let i be (-2)/(-4) + 570/(-420) + (-1570)/(-35). Calculate the greatest common factor of i and 16.
4
Suppose 0 = -4*w + 6*w - 8. Let d be w/(-14)*(-7 + 6 + -6). Calculate the highest common factor of d and 6.
2
Suppose 2*m = -3*m - 5*j + 40, 7 = -m + 4*j. Suppose 68 - 668 = -8*z. Suppose -19*i = -22*i + z. Calculate the greatest common factor of m and i.
5
Let g(v) = -8*v - 88. Let s be g(-11). Suppose 2*o - 77 - 37 = s. Calculate the greatest common divisor of o and 19.
19
Let f(s) = 5*s**3 - 724*s**2 - 163*s + 2754. Let j be f(145). Let r(u) = u**2 + u + 4. Let i be r(3). Calculate the greatest common divisor of j and i.
16
Let l = 102 - 301. Let h = 217 + l. Calculate the greatest common factor of 9 and h.
9
Let b(c) = c**3 - 6*c + 7. Let q be b(2). Suppose -5*a + 17 = -3*f, -q*f - 12*a = -7*a - 23. Calculate the highest common factor of 4 and f.
1
Suppose 4*t = 63*t - 1180. Calculate the highest common factor of 5620 and t.
20
Suppose -888 = -4*t + a, 8*t - 4*a - 900 = 4*t. Suppose 9*f + t = 22*f. What is the greatest common factor of f and 425?
17
Let f(d) = -5 + 3*d - 3*d - 17*d + 0*d + 14*d**2 - d**3 + 13. Let z be f(11). Calculate the greatest common factor of z and 23.
23
Suppose -22 + 86 = -k. Let n = -49 - k. What is the greatest common divisor of n and 60?
15
Let s = 48 + -46. Suppose 19*f = 52*f - 17*f - 2336. Calculate the greatest common factor of f and s.
2
Suppose -10*h - 3*h = -52. Suppose -h*j + 221 = 5. What is the highest common divisor of j and 216?
54
Suppose -10*j - 34606 = -32*j. Calculate the highest common divisor of 143 and j.
143
Suppose -8*q + 51 = 11. Suppose -5*c - 7 = q*r - 2, 0 = -3*c - 2*r - 5. Let u be 0/(-5 - c) - 24*-2. Calculate the highest common divisor of u and 120.
24
Let z be (-13)/(52/(-3000)) + 12. Calculate the greatest common factor of z and 18.
6
Suppose x - 12 = -5*g + g, 0 = 2*x + 4*g - 20. Suppose 10744 = 104*u + 15*u + 39*u. What is the greatest common factor of u and x?
4
Suppose 21 = 3*w + 4*s, 0*w + w + 4*s - 15 = 0. Suppose 0 = w*c + 138 + 195. Let d = c + 116. Calculate the highest common factor of 5 and d.
5
Suppose 3*n = 1 + 8, 0 = -5*l + 3*n + 3951. Calculate the highest common divisor of l and 144.
72
Let d be 32/48*(-3)/(-4)*38. Let f = 221 + -50. Calculate the highest common divisor of d and f.
19
Suppose 98*u = 109*u - 25 + 113. Let g = 29 + -9. Let b = u + g. Calculate the highest common factor of b and 4.
4
Let s be (4940/39)/(4/6). Let p = -166 + s. Let u(m) = 11*m - 6. Let z be u(6). What is the greatest common 